*2 - 1. Calculate the remainder when ((-8)/p)/(3/408) is divided by s(1).
12
Suppose 481*a - 645270 = 227264. Calculate the remainder when 1837 is divided by a.
23
Let f(y) = -11*y - 84. Let l be f(-5). Calculate the remainder when 144 is divided by l/(-7) + (-138)/(-161).
4
Let a(m) = 99*m + 150. Let g be a(6). Let q = g + -626. Calculate the remainder when q is divided by 41.
36
Let y(o) = 52*o**3 - 9*o**2 + 12*o - 12. What is the remainder when y(5) is divided by 102?
101
Let m = 29065 - 28924. Let r be ((-2)/4)/((-7)/70). Suppose n - 4*o + 0*o - 20 = 0, 119 = r*n - o. Calculate the remainder when m is divided by n.
21
Suppose -k + 147 = -2*u, 4*k = -12*u + 7*u + 614. Calculate the remainder when 282 is divided by k.
131
Suppose -269*g - 5950 = -549*g + 263*g. Calculate the remainder when g is divided by 71.
66
Let y = 10409 + -9779. Calculate the remainder when y is divided by (7 - 165)/(0 - 2).
77
Suppose -16 = 2*y - 6*y. Suppose 349 = 3*z + 2*g, 4*z + y*g - 472 = 3*g. What is the remainder when z is divided by 40?
39
Let r = 16646 - 14533. Calculate the remainder when r is divided by 14.
13
Let l(m) = -8*m - 416. Calculate the remainder when 1032 is divided by l(-62).
72
Suppose -2*a - q - 18 + 59 = 0, a - 33 = 2*q. Suppose 11349*w - 11375*w + 364 = 0. What is the remainder when a is divided by w?
9
Let n = -3907 - -3925. Calculate the remainder when 2172 is divided by n.
12
Let g = -3871 + 3951. What is the remainder when 235 is divided by g?
75
Suppose -3667*p + 3642*p + 175 = 0. What is the remainder when 3849 is divided by p?
6
Let c = -23 + -40. Let r = c - -96. Let a = r - 14. Calculate the remainder when 54 is divided by a.
16
Suppose 5*h - 701 = -5*i - 211, -2*h = -3*i + 289. What is the remainder when i is divided by 50?
47
Let h = 82157 + -82127. Let t = 619 + -411. Calculate the remainder when t is divided by h.
28
Let z = 10718 - 10703. Let v(n) = n**2 + 2. Let q be v(0). Suppose -q = 4*x - 38. Calculate the remainder when z is divided by x.
6
Let a be (-2 - 15/(-9))*(-2964)/4. Let y = a + -121. Calculate the remainder when y is divided by 23.
11
Let o = 10 - 5. Suppose 0*n = -2*s + 2*n + 72, o*s - 3*n - 182 = 0. Let r(x) = -31*x**2 + 181*x + 16. What is the remainder when r(5) is divided by s?
35
Calculate the remainder when (-1 + 0)*(55 + -669) is divided by 52.
42
Let t = 54 + 24. Suppose 4*u + 5*o = 159, u - 6*o - 46 = -o. Calculate the remainder when t is divided by u.
37
Let r(s) be the first derivative of -s**4/4 + 5*s**3/3 + s**2/2 + 6*s + 31. Let q be r(7). Let z = 147 + q. What is the remainder when z is divided by 33?
29
Calculate the remainder when 972 is divided by (1*(-6)/(-2))/((-771)/(-15677)).
57
Let b be (-88)/3*9/(-3). Suppose 0 = -2*z - 2*z + b. Let w = z - -1. What is the remainder when w is divided by 13?
10
Suppose -g + 3*k + 3195 = 0, -37*g - k + 3183 = -36*g. Calculate the remainder when g is divided by 15.
6
Suppose 3*s + 75 = 5*x, 0 = x - 2*s - 11 - 4. What is the remainder when 42 is divided by x?
12
Suppose 2320*f + 24120 = 2356*f. Calculate the remainder when f is divided by 45.
40
Let g = 21 + -271. Let i = 260 + g. What is the remainder when 18 is divided by i?
8
Suppose 2*h + 5*t = 3*h + 32, 28 = -2*h + t. Let j be 3/(((-3)/(-70))/1). Let v = j + h. Calculate the remainder when v is divided by 21.
16
Let u(q) = -q + 10. Let o(y) = y - 11. Let n(a) = 3*o(a) + 4*u(a). Let c be n(-2). Suppose c*j + 108 = 13*j. Calculate the remainder when 77 is divided by j.
23
Suppose -2*q - 33 = -43, -5*c + 145 = 2*q. Calculate the remainder when 620 is divided by c.
26
Calculate the remainder when 2/(-5) - 124112/(-80) is divided by 26.
17
What is the remainder when (-60)/(-10) + -1 - (2 + -652) is divided by 6?
1
Let r = -5114 - -5144. Calculate the remainder when r is divided by 11 + 18/(-12)*2.
6
Suppose 0 = -2*r + 2*m + 282, 4*r = 6*r + 3*m - 287. Calculate the remainder when r is divided by 12.
10
Suppose 12 = -3*k, -k = 4*i + 3*k. Suppose -3*d + 101 = -2*n, 4*d + n - 6*n = 130. Suppose 85 = 8*w - d. What is the remainder when w is divided by i?
3
Let o = -237 - -258. Suppose 0 = -2*u - 4, -5*u - 31 = -3*a - 12. What is the remainder when o is divided by a?
0
Suppose -5*n - 15 = -5*h, -2*n - n = -h + 7. Let s(t) = 30*t - 7. Calculate the remainder when 43 is divided by s(h).
20
Suppose 0 = 2*j + 4*s - 209 + 71, -1 = -s. Calculate the remainder when 282 is divided by j.
14
Let j(h) = -433*h + 5713. What is the remainder when j(7) is divided by 17?
13
Let h(p) = 4*p - 84. Let y be h(21). Suppose y = -38*g - 282 + 4196. Calculate the remainder when g is divided by 2/(-3) + 56/3.
13
Suppose -3*o + 141 = -0*o. Suppose 106*t = 31*t + 31*t + 748. What is the remainder when o is divided by t?
13
Let k be -2*-128*(0 - -1). Suppose -k = -13*p + 5*p. What is the remainder when 43 is divided by p?
11
Suppose 1725 = 50*k - 11625. Calculate the remainder when 1079 is divided by k.
11
Suppose -4*s - 21 = -65. Let o(g) = -g**3 + 9*g + 8. Suppose 9 = -p + 3*j, 3*j + 4 = 5*j. Calculate the remainder when s is divided by o(p).
3
Suppose 0 = 8*n - 36 - 60. Suppose -n*q + 747 - 183 = 0. What is the remainder when 91 is divided by q?
44
Let j(y) = 4*y**2 + 3*y - 2. Let v be j(-3). Let u = 45 + v. Let m = 81 - 63. What is the remainder when u is divided by m?
16
Suppose 584 = 4*l + 4*d, -3*d = -2 + 20. What is the remainder when 290 is divided by l?
138
Let t(s) = -2*s**2 - 53*s + 879. Calculate the remainder when t(-27) is divided by 28.
12
Let w(l) = -l**3 + 7*l**2 + 7*l + 5. Let k be w(-3). Let t = -69 + k. Calculate the remainder when 34 is divided by t.
4
Calculate the remainder when 227 is divided by ((-126)/8)/(-2 - 74/(-40)).
17
Let x = -15 + 33. Suppose -2*j + 3*o + 6 = 0, 4*j - 520*o + 515*o = 18. Calculate the remainder when x is divided by j.
6
Suppose 5*s - 240 = -2*y, -5*s + 270 = -88*y + 84*y. Let i(t) = -18 + 4 + t**2 + 2*t - 11 + 2*t. Calculate the remainder when i(-17) is divided by s.
46
Let t(w) = -2*w**2 - 36*w + 32. What is the remainder when 382 is divided by t(-18)?
30
Let g(i) = -i**3 + 10*i**2 - 9*i + 2. Let t be g(9). Suppose -t*w - 6 = -126. What is the remainder when w*(0 - (-2)/4) is divided by 16?
14
Let o(n) = -n**3 + 17*n**2 - 28*n - 12. Let f = 88 - 89. Let j(q) = -29*q + 4. What is the remainder when j(f) is divided by o(15)?
15
What is the remainder when ((-186)/1)/(18/12*(-28)/21) is divided by 76?
17
Let o(q) = -3*q - 16. Let k be (-3220)/315 - ((-30)/(-27))/(-5). What is the remainder when 138 is divided by o(k)?
12
Let c = -29 + 23. Let r be (140/(-21))/((-2)/c). Calculate the remainder when 79 is divided by r*(5 - 3 - 3).
19
Let v(b) = b**3 - 23*b**2 - 23*b - 21. Let f be v(25). Suppose 0 = 4*o - 0*o - 5*q - 516, 5*o - 4*q - f = 0. What is the remainder when o is divided by 69?
65
Suppose -5*o + 5*n + 15 = 0, 2*n - 8 + 4 = -3*o. Suppose -o*h - 9 + 45 = 0. Let c(p) = 22*p + 22. Calculate the remainder when c(3) is divided by h.
16
Let z = 155 - 109. Let c(v) be the third derivative of v**5/30 + 5*v**4/8 - 5*v**3/2 - 92*v**2. What is the remainder when z is divided by c(-9)?
10
Suppose -54 = 18*n + 54. Let o(t) = t**3 + 6*t**2 - t + 8. Calculate the remainder when (6/8)/(3/276) is divided by o(n).
13
Suppose -80 = -n + 6. Suppose -2278 - 2671 = -27*x + 1963. What is the remainder when x is divided by n?
84
Let d = -3361 + 3737. What is the remainder when d is divided by 176?
24
Suppose 0 = -5*o + 3*z - z + 98, 3*z = o - 17. Let u(v) = 3*v**2 - 6*v**2 - o + 4*v**2 - 2*v + 0*v. Calculate the remainder when 10 is divided by u(6).
2
Let a = -142 - -241. Calculate the remainder when a is divided by 3/(-11) - (-3 - 4005/165).
18
Let r = -4791 - -5036. Calculate the remainder when r is divided by 10.
5
Suppose 32*m + 29*m = 6283. Let t(i) = i**2 - 6*i + 22. What is the remainder when m is divided by t(9)?
5
Suppose -11*s - 15*s + 208 = 0. Suppose 30 = s*n - 66. Calculate the remainder when 55 is divided by n.
7
Calculate the remainder when (-41)/574*-1*14486 - (-10)/35 is divided by 258.
3
Suppose -48*d + 49*d - 2*x - 132 = 0, 0 = -4*d + x + 528. What is the remainder when 2771 is divided by d?
131
Suppose x = 3, 6*x - x - 47 = -2*i. Let g(u) = 6*u**2 - 3*u - 13. Let t be g(-5). What is the 